9
Let x = 21 + -14. Suppose 15 = -2*y + x. Let f(j) be the second derivative of j**4/12 + 2*j**3/3 - 2*j**2 + j. What is f(y)?
-4
Let u(h) = 9*h**2 - 2*h - 1. Let a(x) = -x - 5. Let j be (-120)/16 - 2/(-4). Let i be a(j). Suppose -3*o - 2*w = -5, i*o + 3*w - 6 = w. Give u(o).
10
Let j(d) be the third derivative of d**4/12 + 2*d**3 - 954*d**2. Calculate j(-10).
-8
Let j(t) = 6*t**2 - 33*t - 8. Let q be j(6). Let p(b) = b**2 - 9*b - 7. Calculate p(q).
3
Let q(i) = -i**3 - 6*i**2 - 4*i + 5. Suppose -17*u = -22*u + 60. Let o be ((-4)/(16/u) - -2)*5. What is q(o)?
0
Suppose 3*o + 12 = 9*o. Let j(m) = -m**2 - 11 + 0*m**o + 21 - 9. Calculate j(-1).
0
Let d(m) be the first derivative of -m**3/3 - 5*m**2/2 - 8*m - 5. Give d(-7).
-22
Let t(c) = 2*c + 1. Suppose q - 15 = -8. Let d = 27 + q. Suppose 14 - d = 4*v. What is t(v)?
-9
Suppose h + 5*r - 19 = 0, 5*h - 6*r - 32 = -10*r. Let t(g) be the first derivative of -4*g - 1/2*g**2 + h. Give t(-3).
-1
Let b(a) = 12*a + 1. Let k = -37 + 38. Calculate b(k).
13
Let z(l) = l**3 - 4*l**2 + 3. Let v = 3 - -32. Let d = v + -9. Suppose 3*c + 3*m + 2 - d = 0, 3*m = -4*c + 28. Determine z(c).
3
Let l(w) = -4*w + 1. Let z be l(1). Let b = -75 - -78. Let g(t) = -b + t**3 - 9*t**2 - 5*t + 11*t**2 + 3*t. Give g(z).
-6
Let p be (6/8 - -1)/(2/(-40)). Let j be ((-42)/p)/((-2)/5). Let s(k) = -3*k**2 - 2 - k**2 + 2*k - k**3 + 2*k**2. Give s(j).
1
Let c(z) be the third derivative of z**6/120 - z**5/60 + z**3/6 + 25*z**2 + 1. Suppose 0 = -4*b + 11 - 3. Suppose -b = -t - t. Calculate c(t).
1
Let a(z) = -z + 30. Let m(x) = -x**2 + 14*x - 45. Let v be m(5). Give a(v).
30
Let s(u) = -u. Let m(n) = 5*n + 17. Let p(r) = -9*r - 33. Let w(a) = 11*m(a) + 6*p(a). Let d be w(9). Calculate s(d).
2
Let d(z) = 3*z**2 - z - 1. Let o be d(-1). Suppose -r - 4 = o*r. Let q(h) = -6*h + 1. What is q(r)?
7
Let j(y) = 4*y**2 - 18*y - 18. Let t be j(-1). Let p(k) = k**3 - 5*k**2 + k - 1. Determine p(t).
-13
Let f(h) = -7*h + 20*h - 3*h - 7*h - 6*h - 39. Determine f(-12).
-3
Let c(m) be the third derivative of -m**4/24 + m**3/6 - 107*m**2 + 2. Let r = -11 - -13. Give c(r).
-1
Suppose u + 5*o + 67 = 0, 8*u + 3*o = 5*u - 153. Let i = u + 49. Let z(h) = -3*h + h + h**2 + 3*h. Determine z(i).
6
Let b(g) = -g**3 + 24*g**2 + g - 18. Let i be b(24). Let q(u) = -2 + 4*u + i*u - 11*u. What is q(-6)?
4
Let x be (40/(-15) + 2)/(1/(-3)). Let k(b) = 15*b**x + 4*b + b**2 + 5 - 11*b**2 - 6*b**2. Give k(5).
0
Suppose -2*f + 5*f = 4*q - 23, 0 = q - 2*f - 7. Let o(x) = 5*x + 51 - x + x**3 - 2*x**3 - 31 - 26 + 5*x**2. What is o(q)?
14
Let f(o) = o**2 + 4*o - 1. Let r(z) = z**3 + 9*z**2 - 20*z + 25. Let y be r(-11). Give f(y).
20
Let r(m) = 18*m - 381 + 180 - 3*m**2 + 190 + m**2. Calculate r(8).
5
Let o(g) = -6*g + 17. Let s be o(2). Let i(j) = -4 - s*j**2 - 6*j**2 + 7*j - j + 13*j**2. Give i(-5).
16
Let h(n) = -n - 6. Let r = 20 + -43. Let x = r + 17. What is h(x)?
0
Let y(q) = -q**3 - 5*q**2 + 5*q - 8. Let o = -115 - -130. Suppose 4*f + 41 = -v, 2*f + 134 - 40 = -4*v. Let j = o + v. What is y(j)?
-2
Let v(n) = 2*n**2 - 4*n + 4. Let j be v(2). Let b(w) = w**2 - 4*w + 4. Let s be b(4). Let d(x) = -3*x - 6 + s*x + x. Calculate d(j).
2
Let x be 9/2 - 2/4. Suppose w + x*w - 25 = 0. Let l(m) = -3*m - 32. Let z(r) = -11*r - 123. Let k(j) = 15*l(j) - 4*z(j). What is k(w)?
7
Let j(f) = -f**3 - 9*f**2 + 2*f - 2. Suppose 4*w - 5*d = -56, 0 = 3*d - 9 - 3. What is j(w)?
-20
Let x(y) = -7*y**2 - 39*y**3 + 38*y**3 - 19*y**2 - 4. Determine x(-26).
-4
Let q(r) = r**3 + 5*r**2 - 2*r - 8. Let a be q(-5). Let u(f) = -f. What is u(a)?
-2
Let s = -3 + -3. Let v be ((-4)/s)/(1/(-6)). Let c be ((0/1)/v)/(-1). Let a(j) = j + 11. What is a(c)?
11
Let r be 6/27 + (-50)/(-18). Suppose 9 = r*z + 6. Let h(m) = -z + 3*m - 8 + 2 + m**2. What is h(-5)?
3
Let z(q) = 6*q**2 + 5*q - 8. Let l(k) = k**2. Suppose -4 = -3*b - 1. Let x(t) = b*z(t) - 5*l(t). Calculate x(-6).
-2
Let f(k) = -k**2 + 2*k - 5. Let h = -17 - -19. Let w(m) = 5*m**3 - 5*m**2 - 3*m**3 + h*m + m**2 + 0*m**3. Let t be w(2). What is f(t)?
-13
Let r(s) be the second derivative of -s**4/12 + 2*s**3/3 - s**2 - 9*s + 7. Calculate r(6).
-14
Let r(g) = -4*g**3 - g**2 - g - 3. Let t(y) = -y**3 - 1. Let u(d) = d**2 - 11*d - 47. Let m be u(14). Let n(b) = m*t(b) + r(b). Determine n(2).
4
Let f(x) be the third derivative of -x**4/24 + x**3/2 - 138*x**2 - x. Let b = 12 - 5. Determine f(b).
-4
Let a(w) = w**3 + 4*w**2 - 5*w + 5. Let x be a(-5). Let t(y) = 0*y**2 - 1 - x*y - 2 + 0 + y**2. What is t(6)?
3
Let j(v) be the second derivative of -v**6/144 + 6*v**4 - 3*v - 17. Let t(l) be the third derivative of j(l). Let s be (-1)/(-2)*2 + 0. Determine t(s).
-5
Let h be 4/(-18) + (-910)/(-45) + 2. Suppose 8 = -h*n + 24*n. Let z(l) = -l**3 + 4*l**2 + l + 1. Calculate z(n).
5
Let s(o) be the third derivative of -o**5/60 + o**4/4 - o**3 - 25*o**2 - 2. Give s(4).
2
Let h(x) be the second derivative of x**4/12 + 8*x**3/3 + 6*x**2 + 250*x. Give h(-12).
-36
Let m(w) be the third derivative of -1/12*w**4 + 0 - 5/6*w**3 + 0*w - w**2. What is m(-6)?
7
Let x(o) = -o**3 - 6*o**2 + 3*o + 3. Let l(n) = 7*n. Let a(w) = 15*w. Let h(c) = 6*a(c) - 13*l(c). Let z(i) = 2*h(i) + x(i). What is z(-6)?
-3
Let o(i) = i**3 + 8*i**2 - 4*i - 6. Suppose 38*s + 132 + 172 = 0. Calculate o(s).
26
Let z be ((-6)/3 - 8)*(-4)/10. Let j(h) = -h**3 + 4*h**2 - 5*h + 6. Determine j(z).
-14
Let i(q) = -8*q**2 + 5*q + 1. Let h(v) = 0*v - 5*v + 6*v - v**2. Let j(z) = -z**3 + 5*z**2 - 5*z - 1. Let o be j(4). Let w(m) = o*h(m) + i(m). Give w(2).
-11
Let d(f) be the first derivative of 6*f - 2*f**2 - 1/3*f**3 - 25. Let r(c) = -7*c + 1. Let t be r(1). Calculate d(t).
-6
Let y be (4 - 6)/((-2)/16). Let z(b) = -b + 5. Let t be z(y). Let o(g) = g**3 + 12*g**2 + 11*g - 2. Calculate o(t).
-2
Suppose -d - 5 = -3*l, -2*l - 30 = 2*d - 3*l. Let i(y) = y + 18. What is i(d)?
1
Let v(p) = -108*p + 37*p + 25 + 33*p + 37*p. Give v(12).
13
Let r(v) = -5*v**3 - 3*v**2 - v + 8. Let u(j) = -11*j**3 - 6*j**2 - 3*j + 17. Let k be 9/3 + 0 + 1. Let h(d) = k*u(d) - 9*r(d). Calculate h(-3).
5
Let s(k) = 9*k - 24. Let d be s(11). Let y = d + -71. Let i(p) = -4*p - 3*p**3 + 5*p**2 - 4 + p**3 + p**3. Give i(y).
-4
Let f = 475 - 464. Let m(k) = k**2 - 7*k - 16. Determine m(f).
28
Let m(l) = l**3 + l**2 + l. Let o(y) = 5*y**3 + 5*y**2 + 5*y + 3. Let h(u) = u**3 + 5*u**2 + 6*u - 1. Let t be h(-3). Let b(i) = t*o(i) + 6*m(i). Give b(0).
-3
Let j = 0 - 0. Let z(o) = 5*o**3 + 2*o**2 - 12*o + 18. Let i(p) = 3*p**3 + p**2 - 7*p + 10. Let t(b) = -7*i(b) + 4*z(b). Calculate t(j).
2
Let a(i) = 3*i**3 + 2*i**2 - i. Let g(y) = -y**2 + 10*y - 1. Let d be g(6). Let w = -38 + d. Let j = 16 + w. Give a(j).
4
Let w = -3 - -6. Suppose -4*o - z - 8 = 0, w*o - 4*o - 2 = -5*z. Let i(l) = -l + 2*l - 4*l - 2. Calculate i(o).
4
Let y(n) = -7*n**2 - 5*n + 6*n**2 - 1 + 0*n + 4*n - 3*n. Give y(-6).
-13
Let h be 0*(-1)/2 + 3. Let n(u) = -3 + 4 - u - h. Let c be ((-24)/(-20))/((-4)/10). Give n(c).
1
Let m be -5 + 3 - (-3)/1. Let k be (-12)/9*(-6)/4. Let l(x) = 2*x - 3 + 2 - k + x**2 + 2. Determine l(m).
2
Let r(u) be the first derivative of 2*u**3 + u - 13 + 3*u**2 + 1/4*u**4. Calculate r(-5).
-4
Let g(o) be the second derivative of -o**7/420 - o**6/180 + o**5/60 + o**4/8 + 5*o**3 - 16*o. Let n(f) be the second derivative of g(f). Give n(-2).
7
Let w(v) = -v + 2. Suppose 70 - 10 = -12*m. Calculate w(m).
7
Let x(h) = h**3 - 3*h**2 - h + 2. Let w(c) = -c**3 - 26*c**2 + 2*c + 56. Let u be w(-26). Calculate x(u).
14
Let l be 41/(-13) - (-2)/13. Let a(v) = 3*v**2 + 2*v + 3. Give a(l).
24
Let g(b) = b - 10. Let o = -116 + 124. Determine g(o).
-2
Let u be (-4 - -3)*-1 - 1. Let h(o) = -o**2 + 0*o + u*o - 8*o - 1 + 0. Determine h(-4).
15
Let g(u) be the third derivative of -1/120*u**6 + 0 - u**3 - u**2 + 7/60*u**5 + 1/3*u**4 + 0*u. What is g(8)?
-6
Let s(q) be the third derivative of -q**4/24 + 3*q**3/2 + 497*q**2. Determine s(5).
4
Let a(h) = 2*h**3 + 2*h. Let p(b) be the second derivative of b**4/12 - 7*b**3/3 + 11*b**2/2 - 14*b. Let j be p(13). What is a(j)?
-20
Let r(a) = -a - 1. Suppose -4*y + 11 = 3. Suppose -3*c + 2*n = -20, -2*c + y*n = -10 - 2. Calculate r(c).
-9
Let k(s) = -s**3 + 7*s**2 - 9*s + 3. Let c be k(6). Let v = -12 - c. Let p(i) = -i - i**v 